{"id":632,"date":"2013-11-17T17:55:10","date_gmt":"2013-11-17T16:55:10","guid":{"rendered":"http:\/\/albertomilone.com\/?page_id=632"},"modified":"2013-11-17T17:55:10","modified_gmt":"2013-11-17T16:55:10","slug":"presentazione","status":"publish","type":"page","link":"https:\/\/albertomilone.com\/blog\/presentazione\/","title":{"rendered":"Presentazione"},"content":{"rendered":"<style type=\"text\/css\"><!--\nP { margin-bottom: 0.08in; }A:link {  }\n--><\/style>\n<p lang=\"it-IT\"><a href=\"http:\/\/albertomilone.com\/wordpress\/wp-content\/uploads\/2013\/11\/al1.jpg\"><img loading=\"lazy\" decoding=\"async\" class=\"alignnone size-full wp-image-608\" alt=\"me\" src=\"http:\/\/albertomilone.com\/wordpress\/wp-content\/uploads\/2013\/11\/al1.jpg\" width=\"113\" height=\"128\" \/><\/a><\/p>\n<p lang=\"it-IT\" style=\"text-align: justify;\">Mi chiamo Alberto Milone, sono informatico e amante della grammatica, nato a Torino nel 1983, cresciuto a Lecce, e cittadino del mondo. Ecco alcuni dettagli che potreste voler sapere su di me.<\/p>\n<h3 lang=\"it-IT\">Istruzione<\/h3>\n<ul>\n<li>\n<p lang=\"it-IT\">Laurea triennale in Lingue e letterature straniere (2005) all&#8217;Universit\u00e0 degli Studi di Lecce.<\/p>\n<\/li>\n<li>\n<p lang=\"it-IT\">Laurea specialistica in Lingue e letterature straniere (2008) all&#8217;Universit\u00e0 del Salento.<\/p>\n<\/li>\n<\/ul>\n<h3 lang=\"it-IT\">Interessi<\/h3>\n<p lang=\"it-IT\" style=\"text-align: justify;\">Lingua inglese, grammatica, sviluppo di software libero su GNU\/Linux, musica (chitarra acustica), non necessariamente in questo ordine.<\/p>\n<h3 lang=\"it-IT\">Occupazione<\/h3>\n<p lang=\"it-IT\" style=\"text-align: justify;\">Lavoro come <strong>software engineer<\/strong> per Canonical dal marzo del 2009. Mi occupo principalmente di abilitazione hardware in Ubuntu, l&#8217;eccezionale sistema operativo che sviluppiamo e distribuiamo su portatili, desktop, e presto anche su cellulari e tablet.<\/p>\n<p lang=\"it-IT\" style=\"text-align: justify;\">Date un&#8217;occhiata a Ubuntu, ne resterete piacevolmente sorpresi:<br \/>\n<a href=\"http:\/\/www.ubuntu.com\"><img loading=\"lazy\" decoding=\"async\" class=\"alignnone  wp-image-628\" alt=\"logo-ubuntu_no\u00ae-black_orange-hex\" src=\"http:\/\/albertomilone.com\/wordpress\/wp-content\/uploads\/2006\/10\/logo-ubuntu_no\u00ae-black_orange-hex-300x67.png\" width=\"108\" height=\"24\" \/><\/a><\/p>\n<h3 lang=\"it-IT\">Aree di competenza<\/h3>\n<ul>\n<li>Abilitazione hardware (kernel\/X.Org hacking)<\/li>\n<li>Hacking generico di software libero (amo risolvere bug e aggiungere funzionalit\u00e0 nei programmi)<\/li>\n<li>Pacchetti Debian\/Ubuntu (sono un <strong>Ubuntu Core Developer)<\/strong><\/li>\n<li>Miglioramento dell&#8217;esperienza utente con i driver grafici proprietari<\/li>\n<\/ul>\n<h3 lang=\"it-IT\">Storia del mio coinvolgimento nello sviluppo software<\/h3>\n<p lang=\"it-IT\" style=\"text-align: justify;\">Dopo aver deciso di non avere mai pi\u00f9 a che fare con Windows, ho dovuto affrontare seri problemi di compatibilit\u00e0 hardware su Linux. Avendo bisogno di un computer che funzionasse correttamente, ho finito poi per imparare molto pi\u00f9 di quanto non mi fossi prefisso, imparando la programmazione da autodidatta, cos\u00ec da poter automatizzare quanto avevo appreso sui miei problemi.<\/p>\n<p lang=\"it-IT\" style=\"text-align: justify;\">Il primo programma \u2013 e probabilmente il pi\u00f9 noto dei miei fino ad oggi \u2013 che scrissi per Ubuntu \u00e8 \u201c<strong>Envy<\/strong>\u201d (conosciuto in seguito come \u201c<strong>EnvyNG<\/strong>\u201d). Risolveva un problema piuttosto semplice: scaricare, installare e configurare correttamente il driver grafico di NVIDIA. Un&#8217;impresa piuttosto complicata in quei tempi (era il 2005). Il programma divenne cos\u00ec famoso nel mondo, che fu adottato prima da \u201c<a href=\"http:\/\/linuxmint.com\">Linux Mint<\/a>\u201d (nome in codice \u201cBea\u201d) nel 2006 e da <strong>Ubuntu<\/strong> (\u201cHardy\u201d) nel 2008.<\/p>\n<p lang=\"it-IT\" style=\"text-align: justify;\">Ovviamente quello fu solo l&#8217;inizio del mio fantastico viaggio nel mondo dello sviluppo software. \u00c8 interessante notare come perfino dei problemi con il computer possano cambiare la nostra vita in meglio.<\/p>\n","protected":false},"excerpt":{"rendered":"<p>Mi chiamo Alberto Milone, sono informatico e amante della grammatica, nato a Torino nel 1983, cresciuto a Lecce, e cittadino del mondo. Ecco alcuni dettagli che potreste voler sapere su di me. Istruzione Laurea triennale in Lingue e letterature straniere (2005) all&#8217;Universit\u00e0 degli Studi di Lecce. Laurea specialistica in Lingue e letterature straniere (2008) all&#8217;Universit\u00e0 <a class=\"read-more\" href=\"https:\/\/albertomilone.com\/blog\/presentazione\/\">[&hellip;]<\/a><\/p>\n","protected":false},"author":1,"featured_media":0,"parent":0,"menu_order":0,"comment_status":"closed","ping_status":"closed","template":"","meta":{"footnotes":""},"class_list":["post-632","page","type-page","status-publish","hentry"],"_links":{"self":[{"href":"https:\/\/albertomilone.com\/blog\/wp-json\/wp\/v2\/pages\/632","targetHints":{"allow":["GET"]}}],"collection":[{"href":"https:\/\/albertomilone.com\/blog\/wp-json\/wp\/v2\/pages"}],"about":[{"href":"https:\/\/albertomilone.com\/blog\/wp-json\/wp\/v2\/types\/page"}],"author":[{"embeddable":true,"href":"https:\/\/albertomilone.com\/blog\/wp-json\/wp\/v2\/users\/1"}],"replies":[{"embeddable":true,"href":"https:\/\/albertomilone.com\/blog\/wp-json\/wp\/v2\/comments?post=632"}],"version-history":[{"count":0,"href":"https:\/\/albertomilone.com\/blog\/wp-json\/wp\/v2\/pages\/632\/revisions"}],"wp:attachment":[{"href":"https:\/\/albertomilone.com\/blog\/wp-json\/wp\/v2\/media?parent=632"}],"curies":[{"name":"wp","href":"https:\/\/api.w.org\/{rel}","templated":true}]}}